 = 182 - 118. What are the prime factors of g?
2
Let f = 19 + 33. What are the prime factors of f?
2, 13
Suppose 0 = -0*w + 3*w - 2*q - 169, -5*w + 4*q + 281 = 0. List the prime factors of w.
3, 19
Suppose -2*k = -4*k. Let m = 0 - k. Suppose m*d = -4*d + 44. List the prime factors of d.
11
What are the prime factors of (-282)/4*(-40)/30?
2, 47
Suppose 0 = -w - 3*w + 48. Suppose -11 = -4*z - 7*v + 2*v, 4*z + 4*v - w = 0. Suppose 3*n = i + z*i + 53, -n + 12 = 4*i. What are the prime factors of n?
2
Suppose 3*y - 550 + 167 = -2*u, 3*y = -3*u + 387. List the prime factors of y.
5
Suppose 11*l = 8*l + 441. What are the prime factors of l?
3, 7
Let d = 61 + -28. Suppose -5*n - 15 = 5*k, 6*n - 3*n - 3*k + d = 0. Let w = -4 - n. List the prime factors of w.
3
Suppose 5*s = 2*s + 18. Let p be (-3)/(s - 3) + 5. Suppose p*w + w = -3*d + 92, w = 2*d + 8. List the prime factors of w.
2
Let v be (54/(-8))/(3/(-8)). Let c = v + -2. List the prime factors of c.
2
Let s(t) = -3*t + 7. List the prime factors of s(0).
7
Let x = -153 + 83. Let y = x + 104. List the prime factors of y.
2, 17
Suppose -4*c + 5*h - 3 = -17, 2*c - 3*h - 6 = 0. What are the prime factors of c?
2, 3
Suppose -4*b + 1 + 3 = 0. Let g = b + 1. Let h(n) = n**3 - 3*n**2 + 3*n. List the prime factors of h(g).
2
Let l = 5 - 2. Suppose -f + l = -36. Suppose 0 = -2*p + f - 13. What are the prime factors of p?
13
Let p = -79 - -44. What are the prime factors of 33/5 - (-21)/p?
2, 3
Let i = -27 + 59. What are the prime factors of i?
2
Suppose 0 = -3*p + 120 - 6. What are the prime factors of p?
2, 19
Let j(u) = -u**3 + 21*u**2 - 17*u + 19. List the prime factors of j(20).
79
Let n(p) = p**3 - 4*p**2 + 6. What are the prime factors of n(5)?
31
What are the prime factors of (-5)/(-10) - 199/(-2)?
2, 5
Let o be (87/1)/(-3) - 2. Let g be -1*(-86)/4*-2. Let n = o - g. What are the prime factors of n?
2, 3
Let l(h) be the third derivative of h**6/120 + h**5/20 - h**4/12 + 5*h**2. List the prime factors of l(2).
2
Let o = 256 + -97. List the prime factors of o.
3, 53
Suppose 3 - 38 = -5*c. Suppose -2*o - c = -27. What are the prime factors of o?
2, 5
Let q = 25 - 29. List the prime factors of -39*((0 - -3) + q).
3, 13
Suppose 0 = -3*a + 3*c - 7*c + 421, 0 = -a + 3*c + 123. What are the prime factors of a?
3, 5
Let s be 10/(-15)*18/(-4). Suppose -s*p + 0*p + 12 = 0. What are the prime factors of p?
2
Let h be (-20)/(-2) - (-2 + 2). Suppose q + h = -7. Let a = -7 - q. What are the prime factors of a?
2, 5
Suppose 0 = -3*t - 2*w + 184, 0 = 5*t - 3*w - 0*w - 313. List the prime factors of t.
2, 31
Let p be (-184)/(-12) - (-8)/12. Let w = p + 4. What are the prime factors of w?
2, 5
List the prime factors of 230 - (4 + -4) - -5.
5, 47
Suppose -4*a + 5*z + 707 = 0, -2*z + 3*z = 3*a - 533. What are the prime factors of a?
2, 89
Let g be (2/6)/((-4)/(-12)). What are the prime factors of (-13)/(-2)*2/g?
13
Suppose 0 = 3*i + 30. Let u = -1 - i. List the prime factors of u.
3
Let c(g) = -54*g - 59. What are the prime factors of c(-6)?
5, 53
Let y = 10 - 7. Suppose -90 = -y*f - 6. List the prime factors of f.
2, 7
Suppose -3*x + 25 = -197. List the prime factors of x.
2, 37
Suppose 0 = -4*c - 3*g + 39, 4*c + 45 = 8*c + g. List the prime factors of c.
2, 3
Suppose -3*d + 462 = -90. List the prime factors of d.
2, 23
Let s(y) = -10*y - 1. Let h be s(4). Let w = h - -65. What are the prime factors of w?
2, 3
Suppose 4*c + 5*l - 45 = 0, 0 = 3*c - 2*l - 0*l - 28. Suppose -2 + c = k. Suppose 2*g = -4*w + k, 3*g - 6*w = -2*w + 12. What are the prime factors of g?
2
Let g(d) = -d**3 + 10*d**2 - 2*d - 16. List the prime factors of g(9).
47
Let f = 4 - 0. Suppose 4*y + f*k - 28 = 2*k, 2*y + 2*k - 10 = 0. List the prime factors of y.
3
Let v(r) = 2*r - 9. Let h be v(7). Suppose -h*p - 2*z = -99, -5*p + 87 = z - 5*z. List the prime factors of p.
19
Suppose 4*v - 3*b - 36 = -5*b, -4*v + 38 = 3*b. What are the prime factors of v?
2
Let v(t) = 2*t + 14 - 2 - t. Let k be v(0). Suppose -k = -f + x, f - x - 20 = -f. What are the prime factors of f?
2
Let b = -312 - -465. List the prime factors of b.
3, 17
Let j(v) = 6*v + 1. Let f(m) = m**3 + m**2 - m - 1. Let z be f(0). Let r be (-2 - z - 0)/(-1). List the prime factors of j(r).
7
Suppose l = 2*w - 0*l - 43, -115 = -5*w + 5*l. List the prime factors of w.
2, 5
Let a(l) = -6*l. Let g be a(1). List the prime factors of 43 + g - 0/(-2).
37
Let l(y) = -5*y + 9. Let z be l(-12). Suppose 0 = -4*f + 7 + z. List the prime factors of f.
19
Let n(h) = -h. Let b be n(1). Let g be 8 - 6 - b*1. Suppose g*t + 48 = 6*t. What are the prime factors of t?
2
Let n be (-8)/(-12)*6*-1. Let d be n/(-14) - (-88)/(-14). Let k(q) = 2*q**2 + 9*q + 1. List the prime factors of k(d).
19
Let r(o) = o**2 + o + 16. Let q be (0/(-3))/(1 + -2). List the prime factors of r(q).
2
Let j = 34 - 34. Suppose 0 = 2*f - 0*f. Suppose -t + j*t + 6 = f. What are the prime factors of t?
2, 3
Suppose 2*j = 6, j - 8 = -3*h + 4. Let l be ((-2)/h)/(6/(-45)). Suppose 5*a - l*w = 40, 2*w - 7*w = 5*a - 80. What are the prime factors of a?
2, 3
Suppose -4 = 5*w - 19. Let f(l) = 3*l + 23. Let t be f(-7). Suppose t*a - j = 8, 0 = w*a + 3*j - 2 - 28. List the prime factors of a.
2, 3
Let t(y) = 29*y - 11. List the prime factors of t(2).
47
Let z = -2 - 4. Let l = 8 + z. Suppose 5*o = -l*d + 2*o + 44, 22 = d + 5*o. List the prime factors of d.
2, 11
Suppose 8*y - 3*y = -20. What are the prime factors of (3 + 9)/y - -33?
2, 3, 5
Let r(v) be the second derivative of -3/2*v**2 + 3*v + 0 + 1/12*v**4 + 0*v**3. What are the prime factors of r(-3)?
2, 3
Let u be (-4)/(-18) + (-56)/9. Suppose -q = 4*q + 15. Let s = q - u. What are the prime factors of s?
3
Let u = -154 - -236. Suppose 0 = -2*v - 4*m + 16, -2*v + u = 2*v - 2*m. List the prime factors of v.
2, 3
Let r be 68/(-10) + 2/(-10). Let t = r - -16. What are the prime factors of t?
3
Suppose -5*y + 5 = -5. Suppose -3*n - 6*p + 20 = -4*p, 0 = n - p - 10. Suppose -n = j - y*j. List the prime factors of j.
2
Suppose 2*q + 153 = 5*q. List the prime factors of q.
3, 17
Let j(o) = -o**3 + 3. Suppose 2*b - 3 = 4*z + 11, 13 = -5*z - 2*b. Let v be j(z). Suppose d + d = v. What are the prime factors of d?
3, 5
Let s be 465/(-45) - (-2)/6. Let b(a) = -3*a + 12. What are the prime factors of b(s)?
2, 3, 7
Suppose 3*c + j = 193 - 79, -4*c - 4*j = -144. List the prime factors of c.
3, 13
Suppose -2 = 4*l - 10. Suppose -l = -2*f + 4. What are the prime factors of f?
3
Suppose 30 = -3*g + 3*v, -3*v + 23 = -0*g - 2*g. Let m = g - -12. What are the prime factors of m?
5
Let b = -5 + 1. Let k = b - -19. What are the prime factors of k?
3, 5
Let q = -6 + 7. Let a = 2 + q. What are the prime factors of a?
3
Let g(b) = -b**2 + 4*b - 2. Let j be g(2). Suppose 3*z + 8 = -4*l, -2*z + z = 2*l + 4. Suppose t - 7 + j = z. What are the prime factors of t?
5
Let q(h) = -h**2 - 2*h + 4. Let y be q(4). Let a be 4/(-10) - 108/y. Suppose n - a + 0 = 0. List the prime factors of n.
5
Let j(u) = 16*u + 2. List the prime factors of j(5).
2, 41
Suppose 5*k - 2 = 28. Let n be ((-6)/(-4))/((-3)/(-6)). Suppose k*y = n*y + 30. What are the prime factors of y?
2, 5
Suppose -2*h - 5*d = 9, 15 = 5*h - 5*d - 15. Let q be 4/(-20) + (-1)/(-5). Let b = h - q. What are the prime factors of b?
3
Suppose -17 = -4*h + 139. Suppose -4*k + v + 30 = -v, 5*k - h = 3*v. List the prime factors of k.
2, 3
Suppose 0 = 5*w - 4*i - 222, 6*w - w - 5*i = 220. List the prime factors of w.
2, 23
Suppose -l = -0*l + 2*g - 13, 3*l = -5*g + 34. Let z = l + 1. Suppose -z*f - 8 + 56 = 0. List the prime factors of f.
2, 3
What are the prime factors of (-3)/((-3)/272*2)?
2, 17
Let p be 9/2 - 1/2. Suppose p + 8 = 3*i. List the prime factors of 6/i + (-5)/(-10).
2
What are the prime factors of (-2)/(-8) + 315/20?
2
Suppose -6 - 4 = q. What are the prime factors of (-22)/(-10) + 2/q?
2
Let h = 152 - 59. What are the prime factors of h?
3, 31
Let m be (1 + 2)*3/1. Suppose 3*j + m = 3*g, -j = -2 - 0. Suppose -r = 3*h - 6*r - 27, h - 9 = -g*r. What are the prime factors of h?
3
List the prime factors of (-60)/(-12)*102/5.
2, 3, 17
Let n = -2 + 5. Suppose n*k - 36 = 9. List the prime factors of k.
3, 5
What are the prime factors of 3 - (-5 + 10) - -197?
3, 5, 13
Lis